{"id":37,"date":"2016-08-07T17:12:00","date_gmt":"2016-08-07T17:12:00","guid":{"rendered":"http:\/\/foto-fitsch.de\/?page_id=37"},"modified":"2018-09-22T19:54:13","modified_gmt":"2018-09-22T19:54:13","slug":"impressum","status":"publish","type":"page","link":"https:\/\/foto-fitsch.de\/?page_id=37","title":{"rendered":"Impressum"},"content":{"rendered":"<div id=\"main\">\n<div id=\"primary\">\n<div id=\"content\">\n<article id=\"post-10\" class=\"post-10 page type-page status-publish hentry\">\n<div class=\"entry-content\">\n<p><strong>Angaben nach \u00a7 5 TMG<\/strong><\/p>\n<p><strong>Betreiber:<\/strong><\/p>\n<p>Carsten Fitsch<br \/>\nGrenzwall 51A<br \/>\n42897 Remscheid<\/p>\n<p>e-mail: [kontakt@foto-fitsch.de]<br \/>\nTelefon:+49 2191 932941<\/p>\n<p><strong>verantwortlich f\u00fcr journalistisch-redaktionelle Inhalte gem\u00e4\u00df \u00a755 II RstV:<\/strong><\/p>\n<p>Carsten Fitsch, Grenzwall 51A, 42897 Remscheid<\/p>\n<p><strong>Urheberrechte:<\/strong><\/p>\n<p>Alle Rechte f\u00fcr Texte, Bilder und Grafiken liegen bei Carsten Fitsch, Grenzwall 51A, 42897 Remscheid<\/p>\n<p><strong>Disclaimer:<\/strong><\/p>\n<p>1. Haftungsbeschr\u00e4nkung<\/p>\n<p>a) Inhalte und Rechtsbeitr\u00e4ge<\/p>\n<p>Die Inhalte dieser Internetseite werden mit gr\u00f6\u00dfter Sorgfalt recherchiert. Dennoch kann der Anbieter keine Haftung f\u00fcr\u00a0 Vollst\u00e4ndigkeit,\u00a0Richtigkeit und Aktualit\u00e4t der bereit gestellten Informationen \u00fcbernehmen.<\/p>\n<p>b) Verf\u00fcgbarkeit<\/p>\n<p>Ich werde mich darum bem\u00fchen, diesen Dienst m\u00f6glichst unterbrechungsfrei zum Abruf zur Verf\u00fcgung zu stellen. Dennoch k\u00f6nnen trotz aller Sorgfalt Ausfallzeiten nicht ausgeschlossen werden.<\/p>\n<p>c)\u00a0 Kein Vertragsverh\u00e4ltnis<\/p>\n<p>Mit der Nutzung der angebotenen frei zug\u00e4nglichen und kostenlosen Inhalte kommt keinerlei Vertragsverh\u00e4ltnis zwischen dem Nutzer und dem Anbieter zustande.<\/p>\n<p>Sollten Sie eine Verletzung als gegeben ansehen, bittet der Anbieter um einen Hinweis an die angegebene Adresse und darum, von kostenverursachenden Ma\u00dfnahmen abzusehen.<\/p>\n<p>2. Urheberrecht<\/p>\n<p>Alle auf dieser Website ver\u00f6ffentlichten Inhalte und Werke sind urheberrechtlich gesch\u00fctzt. Jede vom deutschen Urheberrecht nicht zugelassene Verwertung bedarf der vorherigen schriftlichen Zustimmung des Autors. Dies gilt insbesondere f\u00fcr\u00a0 Vervielf\u00e4ltigungen, Einspeicherung, Be- und Verarbeitungen, \u00dcbersetzungen und auch die Wiedergabe von Inhalten in Datenbanken oder anderen elektronischen Medien und Systemen. Die unerlaubte Vervielf\u00e4ltigung oder Weitergabe einzelner Inhalte oder kompletter Seiten ist nicht gestattet und strafbar. Lediglich die Herstellung von Kopien und Downloads f\u00fcr den pers\u00f6nlichen, privaten, nicht-kommerziellen Gebrauch ist erlaubt.<\/p>\n<p>Links zu den Websites des Anbieters sind jederzeit willkommen, sie bed\u00fcrfen allerdings jeweils der Zustimmung durch den Betreiber dieser Website. Die Darstellung dieser Website in fremden Frames ist nicht zul\u00e4ssig.<\/p>\n<p>3. Datenschutz<\/p>\n<p>Der Anbieter weist ausdr\u00fccklich darauf hin, dass jede Daten\u00fcbertragung im Internet (z.B. bei der Kommunikation per E-Mail) Sicherheitsl\u00fccken aufweisen und nicht l\u00fcckenlos vor dem Zugriff durch Dritte gesch\u00fctzt werden kann.<\/p>\n<p>Durch den Besuch der Website des Anbieters k\u00f6nnen Informationen \u00fcber den Zugriff (Datum, Uhrzeit, betrachtete Seite) auf dem Server gespeichert werden. Diese Daten geh\u00f6ren nicht zu den personenbezogenen Daten, sondern sind anonymisiert. Sie werden ausschlie\u00dflich zu statistischen Zwecken ausgewertet. Eine Weitergabe an Dritte, zu kommerziellen oder nichtkommerziellen Zwecken, findet nicht statt.<\/p>\n<p>Die Verwendung der Kontaktdaten in diesem Impressum \u2013 insbesondere der Telefon-Nummern und E-Mailadresse \u2013 zur gewerblichen Werbung ist ausdr\u00fccklich nicht erlaubt. Der Anbieter widerspricht hiermit jeder kommerziellen Verwendung und Weitergabe seiner Daten.<\/p>\n<p>4. Anwendbares Recht<\/p>\n<p>Es gilt ausschlie\u00dflich das ma\u00dfgebliche Recht der Bundesrepublik Deutschland. Diese Nutzungshinweise sind als Teil des Internetangebotes zu betrachten, von dem aus auf diese Seite verwiesen wurde.<\/p>\n<\/div>\n<footer class=\"entry-meta\"><\/footer>\n<\/article>\n<\/div>\n<\/div>\n<\/div>\n","protected":false},"excerpt":{"rendered":"<p>Angaben nach \u00a7 5 TMG Betreiber: Carsten Fitsch Grenzwall 51A 42897 Remscheid e-mail: [kontakt@foto-fitsch.de] Telefon:+49 2191 932941 verantwortlich f\u00fcr journalistisch-redaktionelle Inhalte gem\u00e4\u00df \u00a755 II RstV: Carsten Fitsch, Grenzwall 51A, 42897 Remscheid Urheberrechte: Alle Rechte f\u00fcr Texte, Bilder und Grafiken liegen bei Carsten Fitsch, Grenzwall 51A, 42897 Remscheid Disclaimer: 1. Haftungsbeschr\u00e4nkung a) Inhalte und Rechtsbeitr\u00e4ge Die &hellip; <a href=\"https:\/\/foto-fitsch.de\/?page_id=37\" class=\"more-link\"><span class=\"screen-reader-text\">\u201eImpressum\u201c<\/span> weiterlesen<\/a><\/p>\n","protected":false},"author":1,"featured_media":0,"parent":0,"menu_order":0,"comment_status":"closed","ping_status":"closed","template":"","meta":{"footnotes":""},"class_list":["post-37","page","type-page","status-publish","hentry"],"_links":{"self":[{"href":"https:\/\/foto-fitsch.de\/index.php?rest_route=\/wp\/v2\/pages\/37","targetHints":{"allow":["GET"]}}],"collection":[{"href":"https:\/\/foto-fitsch.de\/index.php?rest_route=\/wp\/v2\/pages"}],"about":[{"href":"https:\/\/foto-fitsch.de\/index.php?rest_route=\/wp\/v2\/types\/page"}],"author":[{"embeddable":true,"href":"https:\/\/foto-fitsch.de\/index.php?rest_route=\/wp\/v2\/users\/1"}],"replies":[{"embeddable":true,"href":"https:\/\/foto-fitsch.de\/index.php?rest_route=%2Fwp%2Fv2%2Fcomments&post=37"}],"version-history":[{"count":6,"href":"https:\/\/foto-fitsch.de\/index.php?rest_route=\/wp\/v2\/pages\/37\/revisions"}],"predecessor-version":[{"id":205,"href":"https:\/\/foto-fitsch.de\/index.php?rest_route=\/wp\/v2\/pages\/37\/revisions\/205"}],"wp:attachment":[{"href":"https:\/\/foto-fitsch.de\/index.php?rest_route=%2Fwp%2Fv2%2Fmedia&parent=37"}],"curies":[{"name":"wp","href":"https:\/\/api.w.org\/{rel}","templated":true}]}}